{"id":2291,"date":"2026-02-03T10:07:36","date_gmt":"2026-02-03T09:07:36","guid":{"rendered":"https:\/\/stowarzyszeniemgr.pl\/?page_id=2291"},"modified":"2026-02-04T10:47:29","modified_gmt":"2026-02-04T09:47:29","slug":"ekologia","status":"publish","type":"page","link":"https:\/\/stowarzyszeniemgr.pl\/index.php\/ekologia\/","title":{"rendered":"Ekologia"},"content":{"rendered":"\t\t<div data-elementor-type=\"wp-page\" data-elementor-id=\"2291\" class=\"elementor elementor-2291\">\n\t\t\t\t<div class=\"elementor-element elementor-element-4ff21a4 e-flex e-con-boxed e-con e-parent\" data-id=\"4ff21a4\" data-element_type=\"container\">\n\t\t\t\t\t<div class=\"e-con-inner\">\n\t\t\t\t<div class=\"elementor-element elementor-element-590fcc1 elementor-widget elementor-widget-image\" data-id=\"590fcc1\" data-element_type=\"widget\" data-widget_type=\"image.default\">\n\t\t\t\t<div class=\"elementor-widget-container\">\n\t\t\t\t\t\t\t\t\t\t\t\t\t\t\t\t<a href=\"https:\/\/system.stowarzyszeniemgr.pl\/rejestracja\" target=\"_blank\">\n\t\t\t\t\t\t\t<img fetchpriority=\"high\" decoding=\"async\" width=\"1920\" height=\"1080\" src=\"https:\/\/stowarzyszeniemgr.pl\/wp-content\/uploads\/2026\/01\/ekologia_drogowskaz.png\" class=\"attachment-full size-full wp-image-2214\" alt=\"\" srcset=\"https:\/\/stowarzyszeniemgr.pl\/wp-content\/uploads\/2026\/01\/ekologia_drogowskaz.png 1920w, https:\/\/stowarzyszeniemgr.pl\/wp-content\/uploads\/2026\/01\/ekologia_drogowskaz-300x169.png 300w, https:\/\/stowarzyszeniemgr.pl\/wp-content\/uploads\/2026\/01\/ekologia_drogowskaz-1024x576.png 1024w, https:\/\/stowarzyszeniemgr.pl\/wp-content\/uploads\/2026\/01\/ekologia_drogowskaz-768x432.png 768w, https:\/\/stowarzyszeniemgr.pl\/wp-content\/uploads\/2026\/01\/ekologia_drogowskaz-1536x864.png 1536w\" sizes=\"(max-width: 1920px) 100vw, 1920px\" \/>\t\t\t\t\t\t\t\t<\/a>\n\t\t\t\t\t\t\t\t\t\t\t\t\t\t\t<\/div>\n\t\t\t\t<\/div>\n\t\t\t\t\t<\/div>\n\t\t\t\t<\/div>\n\t\t<div class=\"elementor-element elementor-element-346a4aa e-flex e-con-boxed e-con e-parent\" data-id=\"346a4aa\" data-element_type=\"container\" data-settings=\"{&quot;background_background&quot;:&quot;classic&quot;}\">\n\t\t\t\t\t<div class=\"e-con-inner\">\n\t\t<div class=\"elementor-element elementor-element-59f2368 e-con-full e-flex e-con e-child\" data-id=\"59f2368\" data-element_type=\"container\">\n\t\t\t\t<div class=\"elementor-element elementor-element-e4f2d51 elementor-widget elementor-widget-heading\" data-id=\"e4f2d51\" data-element_type=\"widget\" data-widget_type=\"heading.default\">\n\t\t\t\t<div class=\"elementor-widget-container\">\n\t\t\t\t\t<h2 class=\"elementor-heading-title elementor-size-default\">Wsp\u00f3\u0142czesna cywilizacja<\/h2>\t\t\t\t<\/div>\n\t\t\t\t<\/div>\n\t\t\t\t<div class=\"elementor-element elementor-element-54ae33d elementor-widget elementor-widget-text-editor\" data-id=\"54ae33d\" data-element_type=\"widget\" data-widget_type=\"text-editor.default\">\n\t\t\t\t<div class=\"elementor-widget-container\">\n\t\t\t\t\t\t\t\t\t<p>charakteryzuje si\u0119 ogromnym tempem zmian, kt\u00f3re wp\u0142ywaj\u0105 na nasze codzienne \u017cycie. Coraz wi\u0119cej ludzi czuje si\u0119 zagubionych i przeci\u0105\u017conych wymaganiami spo\u0142ecznymi. Praca, kredyty, ci\u0105g\u0142y wy\u015bcig o wy\u017csze zarobki oraz presja konsumpcjonizmu sprawiaj\u0105, \u017ce cz\u0142owiek traci kontakt z natur\u0105 i najbli\u017cszymi.<\/p><p>Wed\u0142ug bada\u0144 \u015awiatowej Organizacji Zdrowia (WHO), depresja sta\u0142a si\u0119 jedn\u0105 z najcz\u0119stszych chor\u00f3b cywilizacyjnych XXI wieku. Ro\u015bnie liczba os\u00f3b, kt\u00f3re odczuwaj\u0105 chroniczne zm\u0119czenie i wypalenie zawodowe. Jednocze\u015bnie raporty Organizacji Narod\u00f3w Zjednoczonych wskazuj\u0105, \u017ce globalne ocieplenie i degradacja \u015brodowiska b\u0119d\u0105 mia\u0142y coraz bardziej destrukcyjny wp\u0142yw na nasze \u017cycie.<\/p><p>Kryzys ekologiczny r\u00f3wnie\u017c stanowi powa\u017cne zagro\u017cenie dla przysz\u0142ych pokole\u0144. Zanieczyszczenie powietrza, degradacja gleby i zmiany klimatyczne to wyzwania, kt\u00f3rym musimy stawi\u0107 czo\u0142a. Dlatego coraz cz\u0119\u015bciej pojawia si\u0119 pytanie: czy mo\u017cliwe jest \u017cycie w zgodzie z natur\u0105, kt\u00f3re pozwoli unikn\u0105\u0107 stresu i zniszczenia \u015brodowiska?<\/p>\t\t\t\t\t\t\t\t<\/div>\n\t\t\t\t<\/div>\n\t\t\t\t<\/div>\n\t\t<div class=\"elementor-element elementor-element-26a7d72 e-con-full e-flex e-con e-child\" data-id=\"26a7d72\" data-element_type=\"container\">\n\t\t\t\t<div class=\"elementor-element elementor-element-727c76f elementor-widget elementor-widget-image\" data-id=\"727c76f\" data-element_type=\"widget\" data-widget_type=\"image.default\">\n\t\t\t\t<div class=\"elementor-widget-container\">\n\t\t\t\t\t\t\t\t\t\t\t\t\t\t\t<img decoding=\"async\" width=\"1024\" height=\"783\" src=\"https:\/\/stowarzyszeniemgr.pl\/wp-content\/uploads\/2026\/02\/wszystko-o-gruntach-16-1-1024x783.png\" class=\"attachment-large size-large wp-image-2295\" alt=\"\" srcset=\"https:\/\/stowarzyszeniemgr.pl\/wp-content\/uploads\/2026\/02\/wszystko-o-gruntach-16-1-1024x783.png 1024w, https:\/\/stowarzyszeniemgr.pl\/wp-content\/uploads\/2026\/02\/wszystko-o-gruntach-16-1-300x229.png 300w, https:\/\/stowarzyszeniemgr.pl\/wp-content\/uploads\/2026\/02\/wszystko-o-gruntach-16-1-768x587.png 768w, https:\/\/stowarzyszeniemgr.pl\/wp-content\/uploads\/2026\/02\/wszystko-o-gruntach-16-1.png 1413w\" sizes=\"(max-width: 1024px) 100vw, 1024px\" \/>\t\t\t\t\t\t\t\t\t\t\t\t\t\t\t<\/div>\n\t\t\t\t<\/div>\n\t\t\t\t<\/div>\n\t\t\t\t\t<\/div>\n\t\t\t\t<\/div>\n\t\t<div class=\"elementor-element elementor-element-e668298 e-flex e-con-boxed e-con e-parent\" data-id=\"e668298\" data-element_type=\"container\" data-settings=\"{&quot;background_background&quot;:&quot;classic&quot;}\">\n\t\t\t\t\t<div class=\"e-con-inner\">\n\t\t<div class=\"elementor-element elementor-element-5e60d14 e-con-full e-flex e-con e-child\" data-id=\"5e60d14\" data-element_type=\"container\">\n\t\t\t\t<div class=\"elementor-element elementor-element-ca19783 elementor-widget elementor-widget-image\" data-id=\"ca19783\" data-element_type=\"widget\" data-widget_type=\"image.default\">\n\t\t\t\t<div class=\"elementor-widget-container\">\n\t\t\t\t\t\t\t\t\t\t\t\t\t\t\t<img decoding=\"async\" width=\"1024\" height=\"576\" src=\"https:\/\/stowarzyszeniemgr.pl\/wp-content\/uploads\/2026\/02\/wszystko-o-gruntach-17-1024x576.png\" class=\"attachment-large size-large wp-image-2297\" alt=\"\" srcset=\"https:\/\/stowarzyszeniemgr.pl\/wp-content\/uploads\/2026\/02\/wszystko-o-gruntach-17-1024x576.png 1024w, https:\/\/stowarzyszeniemgr.pl\/wp-content\/uploads\/2026\/02\/wszystko-o-gruntach-17-300x169.png 300w, https:\/\/stowarzyszeniemgr.pl\/wp-content\/uploads\/2026\/02\/wszystko-o-gruntach-17-768x432.png 768w, https:\/\/stowarzyszeniemgr.pl\/wp-content\/uploads\/2026\/02\/wszystko-o-gruntach-17-1536x864.png 1536w, https:\/\/stowarzyszeniemgr.pl\/wp-content\/uploads\/2026\/02\/wszystko-o-gruntach-17.png 1920w\" sizes=\"(max-width: 1024px) 100vw, 1024px\" \/>\t\t\t\t\t\t\t\t\t\t\t\t\t\t\t<\/div>\n\t\t\t\t<\/div>\n\t\t\t\t<div class=\"elementor-element elementor-element-bafe8e0 elementor-widget elementor-widget-heading\" data-id=\"bafe8e0\" data-element_type=\"widget\" data-widget_type=\"heading.default\">\n\t\t\t\t<div class=\"elementor-widget-container\">\n\t\t\t\t\t<h2 class=\"elementor-heading-title elementor-size-default\">Uprawy w skrzyniach<\/h2>\t\t\t\t<\/div>\n\t\t\t\t<\/div>\n\t\t\t\t<div class=\"elementor-element elementor-element-b724665 elementor-widget elementor-widget-text-editor\" data-id=\"b724665\" data-element_type=\"widget\" data-widget_type=\"text-editor.default\">\n\t\t\t\t<div class=\"elementor-widget-container\">\n\t\t\t\t\t\t\t\t\t<p>Uprawa w skrzyniach, czyli tzw. podniesione grz\u0105dki, to spos\u00f3b na lepsz\u0105 kontrol\u0119 nad warunkami wzrostu ro\u015blin. Oto najwa\u017cniejsze zalety tego rozwi\u0105zania:<\/p><p><strong>\u2022\u00a0Lepsza jako\u015b\u0107 gleby<\/strong>\u00a0\u2013 w skrzyniach mo\u017cna \u0142atwo kontrolowa\u0107 sk\u0142ad gleby, stosowa\u0107 organiczne nawozy i unika\u0107 zanieczyszcze\u0144.<br \/><strong>\u2022\u00a0Ochrona przed szkodnikami<\/strong>\u00a0\u2013 podniesione grz\u0105dki utrudniaj\u0105 dost\u0119p szkodnikom glebowym, co ogranicza konieczno\u015b\u0107 stosowania \u015brodk\u00f3w ochrony ro\u015blin.<br \/><strong>\u2022 Lepszy drena\u017c<\/strong>\u00a0\u2013 gleba w skrzyniach szybciej si\u0119 nagrzewa i ma lepsz\u0105 przepuszczalno\u015b\u0107, co sprzyja zdrowemu wzrostowi ro\u015blin.<br \/><strong>\u2022 Ergonomia i wygoda<\/strong>\u00a0\u2013 brak konieczno\u015bci schylania si\u0119 podczas pracy w ogrodzie zmniejsza obci\u0105\u017cenie plec\u00f3w i staw\u00f3w.<br \/><strong>\u2022 Oszcz\u0119dno\u015b\u0107 wody<\/strong>\u00a0\u2013 nawadnianie jest bardziej efektywne, a woda nie rozlewa si\u0119 po niepotrzebnych obszarach.<br \/><strong>\u2022 Mobilno\u015b\u0107 i elastyczno\u015b\u0107<\/strong>\u00a0\u2013 skrzynie mo\u017cna ustawia\u0107 w dowolnym miejscu, r\u00f3wnie\u017c na tarasach czy balkonach, co czyni je idealnym rozwi\u0105zaniem dla miejskich ogrodnik\u00f3w.<\/p>\t\t\t\t\t\t\t\t<\/div>\n\t\t\t\t<\/div>\n\t\t\t\t<\/div>\n\t\t<div class=\"elementor-element elementor-element-f39a5e5 e-con-full e-flex e-con e-child\" data-id=\"f39a5e5\" data-element_type=\"container\">\n\t\t\t\t<div class=\"elementor-element elementor-element-fcdac30 elementor-widget elementor-widget-image\" data-id=\"fcdac30\" data-element_type=\"widget\" data-widget_type=\"image.default\">\n\t\t\t\t<div class=\"elementor-widget-container\">\n\t\t\t\t\t\t\t\t\t\t\t\t\t\t\t<img loading=\"lazy\" decoding=\"async\" width=\"1024\" height=\"576\" src=\"https:\/\/stowarzyszeniemgr.pl\/wp-content\/uploads\/2026\/02\/wszystko-o-gruntach-18-1024x576.png\" class=\"attachment-large size-large wp-image-2298\" alt=\"\" srcset=\"https:\/\/stowarzyszeniemgr.pl\/wp-content\/uploads\/2026\/02\/wszystko-o-gruntach-18-1024x576.png 1024w, https:\/\/stowarzyszeniemgr.pl\/wp-content\/uploads\/2026\/02\/wszystko-o-gruntach-18-300x169.png 300w, https:\/\/stowarzyszeniemgr.pl\/wp-content\/uploads\/2026\/02\/wszystko-o-gruntach-18-768x432.png 768w, https:\/\/stowarzyszeniemgr.pl\/wp-content\/uploads\/2026\/02\/wszystko-o-gruntach-18-1536x864.png 1536w, https:\/\/stowarzyszeniemgr.pl\/wp-content\/uploads\/2026\/02\/wszystko-o-gruntach-18.png 1920w\" sizes=\"(max-width: 1024px) 100vw, 1024px\" \/>\t\t\t\t\t\t\t\t\t\t\t\t\t\t\t<\/div>\n\t\t\t\t<\/div>\n\t\t\t\t<div class=\"elementor-element elementor-element-444e309 elementor-widget elementor-widget-heading\" data-id=\"444e309\" data-element_type=\"widget\" data-widget_type=\"heading.default\">\n\t\t\t\t<div class=\"elementor-widget-container\">\n\t\t\t\t\t<h2 class=\"elementor-heading-title elementor-size-default\">Uprawy w szklarniach<\/h2>\t\t\t\t<\/div>\n\t\t\t\t<\/div>\n\t\t\t\t<div class=\"elementor-element elementor-element-c53274f elementor-widget elementor-widget-text-editor\" data-id=\"c53274f\" data-element_type=\"widget\" data-widget_type=\"text-editor.default\">\n\t\t\t\t<div class=\"elementor-widget-container\">\n\t\t\t\t\t\t\t\t\t<p>Szklarnie to kolejna forma ekologicznego ogrodnictwa, kt\u00f3ra pozwala na wyd\u0142u\u017cenie sezonu wegetacyjnego i lepsz\u0105 kontrol\u0119 nad uprawami. Oto najwa\u017cniejsze zalety tego rozwi\u0105zania:<\/p><p><strong>\u2022 Ochrona przed warunkami atmosferycznymi<\/strong>\u00a0\u2013 ro\u015bliny s\u0105 zabezpieczone przed przymrozkami, ulewnym deszczem czy silnym wiatrem.<br \/><strong>\u2022 Wyd\u0142u\u017cony sezon uprawowy<\/strong>\u00a0\u2013 mo\u017cliwo\u015b\u0107 uprawy ro\u015blin przez ca\u0142y rok, niezale\u017cnie od pory roku.<br \/><strong>\u2022 Zmniejszona potrzeba stosowania pestycyd\u00f3w<\/strong>\u00a0\u2013 dzi\u0119ki zamkni\u0119temu \u015brodowisku ogranicza si\u0119 dost\u0119p szkodnik\u00f3w.<br \/><strong>\u2022 Efektywne wykorzystanie zasob\u00f3w<\/strong>\u00a0\u2013 szklarnie umo\u017cliwiaj\u0105 precyzyjne zarz\u0105dzanie wod\u0105 i nawo\u017ceniem.<br \/><strong>\u2022 Mo\u017cliwo\u015b\u0107 uprawy bardziej wymagaj\u0105cych ro\u015blin<\/strong>\u00a0\u2013 niekt\u00f3re gatunki ro\u015blin, jak pomidory czy papryka, lepiej rosn\u0105 w kontrolowanych warunkach szklarniowych.<br \/><strong>\u2022 Wi\u0119ksze plony<\/strong>\u00a0\u2013 optymalne warunki klimatyczne pozwalaj\u0105 na uzyskanie wy\u017cszych i lepszej jako\u015bci plon\u00f3w.<\/p>\t\t\t\t\t\t\t\t<\/div>\n\t\t\t\t<\/div>\n\t\t\t\t<\/div>\n\t\t\t\t\t<\/div>\n\t\t\t\t<\/div>\n\t\t<div class=\"elementor-element elementor-element-c3dec33 e-flex e-con-boxed e-con e-parent\" data-id=\"c3dec33\" data-element_type=\"container\" data-settings=\"{&quot;background_background&quot;:&quot;classic&quot;}\">\n\t\t\t\t\t<div class=\"e-con-inner\">\n\t\t\t\t<div class=\"elementor-element elementor-element-29e6f8b elementor-widget elementor-widget-elementskit-heading\" data-id=\"29e6f8b\" data-element_type=\"widget\" data-widget_type=\"elementskit-heading.default\">\n\t\t\t\t<div class=\"elementor-widget-container\">\n\t\t\t\t\t<div class=\"ekit-wid-con\" ><div class=\"ekit-heading elementskit-section-title-wraper text_center   ekit_heading_tablet-   ekit_heading_mobile-\"><h2 class=\"ekit-heading--title elementskit-section-title \">Kontekst globalny i potrzeba zmiany<\/h2>\t\t\t\t<div class='ekit-heading__description'>\n\t\t\t\t\t<p>Kryzys ekologiczny nasila si\u0119 przez zmiany klimatyczne, wylesianie, zanieczyszczenie i wymieranie gatunk\u00f3w. Nadmierna eksploatacja zasob\u00f3w zagra\u017ca przysz\u0142o\u015bci, wymagaj\u0105c pilnych dzia\u0142a\u0144 i zr\u00f3wnowa\u017conego rozwoju.<\/p>\n\t\t\t\t<\/div>\n\t\t\t<\/div><\/div>\t\t\t\t<\/div>\n\t\t\t\t<\/div>\n\t\t\t\t<div class=\"elementor-element elementor-element-7af8c9e elementor-widget elementor-widget-elementskit-simple-tab\" data-id=\"7af8c9e\" data-element_type=\"widget\" data-widget_type=\"elementskit-simple-tab.default\">\n\t\t\t\t<div class=\"elementor-widget-container\">\n\t\t\t\t\t<div class=\"ekit-wid-con\" >        <div class=\"elementkit-tab-wraper   elementskit-fitcontent-tab \">\n            <ul class=\"nav nav-tabs elementkit-tab-nav  elementskit_tooltip_style elementskit_tooltip_style\">\n                                    <li class=\"elementkit-nav-item elementor-repeater-item-e7fb3c4\">\n                        <a class=\"elementkit-nav-link  active show left-pos\" id=\"content-e7fb3c469e0f78541e9d-tab\" data-ekit-handler-id=\"kryzys-ekologiczny-i-jego-wp-yw-na-przysz-o-spo-ecze-stwa\" data-ekit-toggle=\"tab\" data-target=\"#content-e7fb3c469e0f78541e9d\" href=\"#Content-e7fb3c469e0f78541e9d\"\n                            data-ekit-toggle-trigger=\"click\"\n                            aria-describedby=\"Content-e7fb3c469e0f78541e9d\">\n                                                        <span class=\"elementskit-tab-title\"> Kryzys ekologiczny i jego wp\u0142yw na przysz\u0142o\u015b\u0107 spo\u0142ecze\u0144stwa<\/span>\n                        <\/a>\n                    <\/li>\n                                        <li class=\"elementkit-nav-item elementor-repeater-item-9077dfd\">\n                        <a class=\"elementkit-nav-link  left-pos\" id=\"content-9077dfd69e0f78541e9d-tab\" data-ekit-handler-id=\"kryzys-spo-eczny-alienacja-jednostki-w-strukturze-konsumpcyjnej\" data-ekit-toggle=\"tab\" data-target=\"#content-9077dfd69e0f78541e9d\" href=\"#Content-9077dfd69e0f78541e9d\"\n                            data-ekit-toggle-trigger=\"click\"\n                            aria-describedby=\"Content-9077dfd69e0f78541e9d\">\n                                                        <span class=\"elementskit-tab-title\"> Kryzys spo\u0142eczny \u2013 alienacja jednostki w strukturze konsumpcyjnej<\/span>\n                        <\/a>\n                    <\/li>\n                                <\/ul>\n\n            <div class=\"tab-content elementkit-tab-content\">\n                                    <div class=\"tab-pane elementkit-tab-pane elementor-repeater-item-e7fb3c4  active show\" id=\"content-e7fb3c469e0f78541e9d\" role=\"tabpanel\"\n                         aria-labelledby=\"content-e7fb3c469e0f78541e9d-tab\">\n                        <div class=\"animated fadeIn\">\n                            <p>Zmiany klimatyczne, degradacja gleb, wyczerpywanie si\u0119 zasob\u00f3w wodnych i zanieczyszczenie powietrza s\u0105 konsekwencj\u0105 nadmiernej eksploatacji zasob\u00f3w naturalnych. Wed\u0142ug raport\u00f3w ONZ, do 2050 roku ponad 70% ludzi b\u0119dzie mieszka\u0107 w miastach, co przyczyni si\u0119 do jeszcze wi\u0119kszego obci\u0105\u017cenia infrastruktury i ekosystem\u00f3w. Coraz bardziej oczywiste staje si\u0119, \u017ce dotychczasowy model eksploatacji zasob\u00f3w ziemi musi zosta\u0107 zast\u0105piony przez bardziej zr\u00f3wnowa\u017cone rozwi\u0105zania.<\/p><p>Wsp\u00f3\u0142czesna produkcja rolna i model gospodarczy s\u0105 g\u0142\u00f3wnymi czynnikami przyczyniaj\u0105cymi si\u0119 do degradacji \u015brodowiska. Masowe rolnictwo przemys\u0142owe, oparte na monokulturach i intensywnym stosowaniu chemicznych \u015brodk\u00f3w ochrony ro\u015blin, prowadzi do wyja\u0142owienia gleby, spadku bior\u00f3\u017cnorodno\u015bci oraz emisji ogromnych ilo\u015bci gaz\u00f3w cieplarnianych. Z kolei intensywna urbanizacja skutkuje wycink\u0105 las\u00f3w, pogarszaniem jako\u015bci powietrza i wzrostem temperatur w miastach. Przej\u015bcie na bardziej ekologiczne formy osadnictwa, oparte na samowystarczalno\u015bci i zr\u00f3wnowa\u017conym u\u017cytkowaniu zasob\u00f3w, staje si\u0119 wi\u0119c konieczno\u015bci\u0105.<\/p>                        <\/div>\n                    <\/div>\n                                    <div class=\"tab-pane elementkit-tab-pane elementor-repeater-item-9077dfd \" id=\"content-9077dfd69e0f78541e9d\" role=\"tabpanel\"\n                         aria-labelledby=\"content-9077dfd69e0f78541e9d-tab\">\n                        <div class=\"animated fadeIn\">\n                            <p>Wysoka liczba chor\u00f3b psychicznych, depresji i wypalenia zawodowego wskazuje, \u017ce obecny model \u017cycia nie sprzyja zdrowiu jednostki. Raport WHO z 2023 roku pokazuje, \u017ce ponad 25% populacji \u015bwiatowej do\u015bwiadcza problem\u00f3w zdrowia psychicznego, g\u0142\u00f3wnie z powodu stresu zwi\u0105zanego z prac\u0105 i niestabilno\u015bci\u0105 finansow\u0105. Coraz wi\u0119ksza liczba ludzi szuka alternatywnych sposob\u00f3w na \u017cycie, kt\u00f3re pozwol\u0105 im na redukcj\u0119 stresu i powr\u00f3t do bardziej naturalnych i harmonijnych relacji mi\u0119dzyludzkich.<\/p><p>Zanik wsp\u00f3lnot i os\u0142abienie relacji spo\u0142ecznych w du\u017cych aglomeracjach przyczynia si\u0119 do zwi\u0119kszonego poczucia samotno\u015bci i alienacji. Tradycyjne wi\u0119zi mi\u0119dzyludzkie, oparte na s\u0105siedztwie i lokalnej wsp\u00f3lnocie, zosta\u0142y zast\u0105pione przez relacje wirtualne i zale\u017cno\u015b\u0107 od scentralizowanych system\u00f3w gospodarczych. W efekcie ludzie czuj\u0105 si\u0119 coraz bardziej oderwani od natury i swojego otoczenia. Ekologiczne osiedla samowystarczalne mog\u0105 sta\u0107 si\u0119 sposobem na przywr\u00f3cenie r\u00f3wnowagi spo\u0142ecznej i psychicznej, tworz\u0105c przestrze\u0144 do prawdziwej wsp\u00f3\u0142pracy i integracji mi\u0119dzyludzkiej.<\/p>                        <\/div>\n                    <\/div>\n                                \n            <\/div>\n                    <\/div>\n    <\/div>\t\t\t\t<\/div>\n\t\t\t\t<\/div>\n\t\t\t\t\t<\/div>\n\t\t\t\t<\/div>\n\t\t<div class=\"elementor-element elementor-element-888d967 e-flex e-con-boxed e-con e-parent\" data-id=\"888d967\" data-element_type=\"container\" data-settings=\"{&quot;background_background&quot;:&quot;classic&quot;}\">\n\t\t\t\t\t<div class=\"e-con-inner\">\n\t\t<div class=\"elementor-element elementor-element-f749012 e-con-full e-flex e-con e-child\" data-id=\"f749012\" data-element_type=\"container\">\n\t\t\t\t<div class=\"elementor-element elementor-element-e4bda13 elementor-widget elementor-widget-heading\" data-id=\"e4bda13\" data-element_type=\"widget\" data-widget_type=\"heading.default\">\n\t\t\t\t<div class=\"elementor-widget-container\">\n\t\t\t\t\t<h2 class=\"elementor-heading-title elementor-size-default\">Podsumowanie<\/h2>\t\t\t\t<\/div>\n\t\t\t\t<\/div>\n\t\t\t\t<div class=\"elementor-element elementor-element-5c1f629 elementor-widget elementor-widget-text-editor\" data-id=\"5c1f629\" data-element_type=\"widget\" data-widget_type=\"text-editor.default\">\n\t\t\t\t<div class=\"elementor-widget-container\">\n\t\t\t\t\t\t\t\t\t<p>Ekologiczne uprawy w skrzyniach i szklarniach to doskona\u0142e rozwi\u0105zanie zar\u00f3wno dla os\u00f3b prywatnych, jak i dla wi\u0119kszych gospodarstw ekologicznych. Pozwalaj\u0105 one na kontrolowan\u0105, wydajn\u0105 i zdrow\u0105 produkcj\u0119 \u017cywno\u015bci przy jednoczesnym ograniczeniu negatywnego wp\u0142ywu na \u015brodowisko. Dzi\u0119ki temu ka\u017cdy, niezale\u017cnie od dost\u0119pnej przestrzeni, mo\u017ce przyczyni\u0107 si\u0119 do tworzenia bardziej zr\u00f3wnowa\u017conego systemu \u017cywno\u015bciowego.<\/p>\t\t\t\t\t\t\t\t<\/div>\n\t\t\t\t<\/div>\n\t\t\t\t<\/div>\n\t\t<div class=\"elementor-element elementor-element-f5c94a9 e-con-full e-flex e-con e-child\" data-id=\"f5c94a9\" data-element_type=\"container\">\n\t\t\t\t<div class=\"elementor-element elementor-element-1a7f7f6 elementor-widget elementor-widget-image\" data-id=\"1a7f7f6\" data-element_type=\"widget\" data-widget_type=\"image.default\">\n\t\t\t\t<div class=\"elementor-widget-container\">\n\t\t\t\t\t\t\t\t\t\t\t\t\t\t\t<img loading=\"lazy\" decoding=\"async\" width=\"600\" height=\"400\" src=\"https:\/\/stowarzyszeniemgr.pl\/wp-content\/uploads\/2025\/02\/Projekt-bez-nazwy-3.png\" class=\"attachment-large size-large wp-image-1199\" alt=\"\" srcset=\"https:\/\/stowarzyszeniemgr.pl\/wp-content\/uploads\/2025\/02\/Projekt-bez-nazwy-3.png 600w, https:\/\/stowarzyszeniemgr.pl\/wp-content\/uploads\/2025\/02\/Projekt-bez-nazwy-3-300x200.png 300w\" sizes=\"(max-width: 600px) 100vw, 600px\" \/>\t\t\t\t\t\t\t\t\t\t\t\t\t\t\t<\/div>\n\t\t\t\t<\/div>\n\t\t\t\t<\/div>\n\t\t\t\t\t<\/div>\n\t\t\t\t<\/div>\n\t\t\t\t<\/div>\n\t\t","protected":false},"excerpt":{"rendered":"<p>Wsp\u00f3\u0142czesna cywilizacja charakteryzuje si\u0119 ogromnym tempem zmian, kt\u00f3re wp\u0142ywaj\u0105 na nasze codzienne \u017cycie. Coraz wi\u0119cej ludzi czuje si\u0119 zagubionych i [&hellip;]<\/p>\n","protected":false},"author":2,"featured_media":0,"parent":0,"menu_order":0,"comment_status":"closed","ping_status":"closed","template":"","meta":{"site-sidebar-layout":"no-sidebar","site-content-layout":"","ast-site-content-layout":"full-width-container","site-content-style":"default","site-sidebar-style":"default","ast-global-header-display":"","ast-banner-title-visibility":"","ast-main-header-display":"","ast-hfb-above-header-display":"","ast-hfb-below-header-display":"","ast-hfb-mobile-header-display":"","site-post-title":"disabled","ast-breadcrumbs-content":"","ast-featured-img":"disabled","footer-sml-layout":"","theme-transparent-header-meta":"","adv-header-id-meta":"","stick-header-meta":"","header-above-stick-meta":"","header-main-stick-meta":"","header-below-stick-meta":"","astra-migrate-meta-layouts":"default","ast-page-background-enabled":"default","ast-page-background-meta":{"desktop":{"background-color":"var(--ast-global-color-5)","background-image":"","background-repeat":"repeat","background-position":"center center","background-size":"auto","background-attachment":"scroll","background-type":"","background-media":"","overlay-type":"","overlay-color":"","overlay-opacity":"","overlay-gradient":""},"tablet":{"background-color":"","background-image":"","background-repeat":"repeat","background-position":"center center","background-size":"auto","background-attachment":"scroll","background-type":"","background-media":"","overlay-type":"","overlay-color":"","overlay-opacity":"","overlay-gradient":""},"mobile":{"background-color":"","background-image":"","background-repeat":"repeat","background-position":"center center","background-size":"auto","background-attachment":"scroll","background-type":"","background-media":"","overlay-type":"","overlay-color":"","overlay-opacity":"","overlay-gradient":""}},"ast-content-background-meta":{"desktop":{"background-color":"var(--ast-global-color-4)","background-image":"","background-repeat":"repeat","background-position":"center center","background-size":"auto","background-attachment":"scroll","background-type":"","background-media":"","overlay-type":"","overlay-color":"","overlay-opacity":"","overlay-gradient":""},"tablet":{"background-color":"var(--ast-global-color-4)","background-image":"","background-repeat":"repeat","background-position":"center center","background-size":"auto","background-attachment":"scroll","background-type":"","background-media":"","overlay-type":"","overlay-color":"","overlay-opacity":"","overlay-gradient":""},"mobile":{"background-color":"var(--ast-global-color-4)","background-image":"","background-repeat":"repeat","background-position":"center center","background-size":"auto","background-attachment":"scroll","background-type":"","background-media":"","overlay-type":"","overlay-color":"","overlay-opacity":"","overlay-gradient":""}},"footnotes":""},"class_list":["post-2291","page","type-page","status-publish","hentry"],"_links":{"self":[{"href":"https:\/\/stowarzyszeniemgr.pl\/index.php\/wp-json\/wp\/v2\/pages\/2291","targetHints":{"allow":["GET"]}}],"collection":[{"href":"https:\/\/stowarzyszeniemgr.pl\/index.php\/wp-json\/wp\/v2\/pages"}],"about":[{"href":"https:\/\/stowarzyszeniemgr.pl\/index.php\/wp-json\/wp\/v2\/types\/page"}],"author":[{"embeddable":true,"href":"https:\/\/stowarzyszeniemgr.pl\/index.php\/wp-json\/wp\/v2\/users\/2"}],"replies":[{"embeddable":true,"href":"https:\/\/stowarzyszeniemgr.pl\/index.php\/wp-json\/wp\/v2\/comments?post=2291"}],"version-history":[{"count":11,"href":"https:\/\/stowarzyszeniemgr.pl\/index.php\/wp-json\/wp\/v2\/pages\/2291\/revisions"}],"predecessor-version":[{"id":2326,"href":"https:\/\/stowarzyszeniemgr.pl\/index.php\/wp-json\/wp\/v2\/pages\/2291\/revisions\/2326"}],"wp:attachment":[{"href":"https:\/\/stowarzyszeniemgr.pl\/index.php\/wp-json\/wp\/v2\/media?parent=2291"}],"curies":[{"name":"wp","href":"https:\/\/api.w.org\/{rel}","templated":true}]}}